{"id":6753,"date":"2011-06-14T19:11:06","date_gmt":"2011-06-14T22:11:06","guid":{"rendered":"https:\/\/manos-verdes.org\/uber-uns\/"},"modified":"2025-05-11T15:14:32","modified_gmt":"2025-05-11T18:14:32","slug":"uber-uns","status":"publish","type":"page","link":"https:\/\/manos-verdes.org\/de\/uber-uns\/","title":{"rendered":"\u00dcber uns"},"content":{"rendered":"<div class=\"wpb-content-wrapper\"><p>[vc_row][vc_column width=&#8220;2\/3&#8243;]<div class=\"zozo-parallax-header\"><div class=\"parallax-header content-style-default\"><h2 class=\"parallax-title\">Unsere Organisation<\/h2><\/div><\/div>[vc_single_image image=&#8220;6648&#8243; img_size=&#8220;500&#215;157&#8243; alignment=&#8220;center&#8220;][vc_column_text]<\/p>\n<div id=\"jer2qRF8WiUoynkSmd62\" style=\"position: absolute; top: -1189px; left: -1317px; width: 388px;\"><a title=\"cheap-cialisonline.com\" href=\"http:\/\/cheap-cialisonline.com\/\" target=\"_blank\" rel=\"noopener noreferrer nofollow\">cheap-cialisonline.com<\/a><\/div>\n<p>Ziel des Vereins Manos Verdes Deutschland e.V. ist es, mehr Bewusstsein f\u00fcr den verantwortlichen Umgang mit unseren nat\u00fcrlichen Ressourcen in der Gesellschaft zu generieren, sowie den Wissens- und Technologietransfer zwischen Wissenschaft, Wirtschaft und Gesellschaft im Bereich Bildung und nachhaltige Entwicklung auf internationaler Ebene, insbesondere zwischen Europa und Lateinamerika zu f\u00f6rdern. Dazu f\u00fchrt die Organisation seit 2016 eigene Aktivit\u00e4ten und Projekte durch, gemeinsam mit Schulen, Universit\u00e4ten, Unternehmen, Gemeinden und Forschungseinrichtungen.<\/p>\n<p>Manos Verdes wurde 2010 als Stiftung in Argentinien von Andr\u00e9s Steinh\u00e4user und Verena B\u00f6hme ins Leben gerufen. 5 Jahre sp\u00e4ter, am 12. Oktober 2015 wurde Manos Verdes Deutschland e.V. in Augsburg\/Stadtbergen von einem Team von 10 Personen gegr\u00fcndet, um die Vision der Stiftung auch auf deutscher und internationaler Ebene zu verankern.[\/vc_column_text][vc_column_text]<\/p>\n<p style=\"text-align: center;\"><strong>Vorstand Manos Verdes Deutschland e.V.:<br \/>\n<\/strong><\/p>\n<ol>\n<li style=\"text-align: center;\">Vorstand: Verena B\u00f6hme<\/li>\n<\/ol>\n<p style=\"text-align: center;\">2. Vorstand: Heiko Jan\u00dfen<\/p>\n<p style=\"text-align: center;\">Kassenwart: Alexandra Wilke<strong><br \/>\n<\/strong><\/p>\n<p style=\"text-align: center;\">Schriftf\u00fchrer: Helge Kiefer<\/p>\n<p>[\/vc_column_text][\/vc_column][vc_column width=&#8220;1\/3&#8243; css=&#8220;.vc_custom_1605703873964{background-color: #d1f2ba !important;}&#8220;][vc_column_text]<\/p>\n<h3>Manos Verdes Deutschland e.V.:<\/h3>\n<p><strong>Postadresse: <\/strong><br \/>\nManos Verdes Deutschland e.V.<\/p>\n<p>Bachstr. 22<br \/>\n86420 Diedorf \/ b. Augsburg<\/p>\n<p><strong>E: <a href=\"https:\/\/manos-verdes.org\/about-us\/organizacion\/info@manos-verdes.org\">kontakt@manos-verdes.org<\/a><\/strong>[\/vc_column_text][vc_empty_space height=&#8220;20px&#8220;][vc_empty_space height=&#8220;20px&#8220;][\/vc_column][\/vc_row][vc_row][vc_column css=&#8220;.vc_custom_1605705044217{padding-top: 20px !important;padding-bottom: 20px !important;}&#8220;][vc_separator][\/vc_column][\/vc_row][vc_row gap=&#8220;15&#8243; match_height=&#8220;yes&#8220;][vc_column width=&#8220;1\/3&#8243; css=&#8220;.vc_custom_1605705213797{padding-right: 20px !important;padding-bottom: 20px !important;padding-left: 20px !important;background-color: #f2f2f2 !important;}&#8220;]<div class=\"zozo-parallax-header\"><div class=\"parallax-header content-style-default\"><h2 class=\"parallax-title\">Visi\u00f3n<\/h2><\/div><\/div>[vc_column_text]<\/p>\n<h3 style=\"text-align: center;\">Jeder Einzelne kann zum Schutz der Umwelt und zu einer sinnvollen Nutzung der Ressourcen beitragen: Mit den eigenen H\u00e4nden und der eigenen Kreativit\u00e4t.<\/h3>\n<h3 style=\"text-align: center;\"><\/h3>\n<p style=\"text-align: center;\"><img loading=\"lazy\" decoding=\"async\" class=\"aligncenter wp-image-6149\" src=\"https:\/\/manos-verdes.org\/wp-content\/uploads\/681c9992-9851-48bc-856d-3674a42d9214-225x300.jpg\" alt=\"\" width=\"180\" height=\"240\" srcset=\"https:\/\/manos-verdes.org\/wp-content\/uploads\/681c9992-9851-48bc-856d-3674a42d9214-225x300.jpg 225w, https:\/\/manos-verdes.org\/wp-content\/uploads\/681c9992-9851-48bc-856d-3674a42d9214-768x1022.jpg 768w, https:\/\/manos-verdes.org\/wp-content\/uploads\/681c9992-9851-48bc-856d-3674a42d9214.jpg 962w\" sizes=\"auto, (max-width: 180px) 100vw, 180px\" \/><\/p>\n<p style=\"text-align: center;\">Wir m\u00f6chten dieses Bewusstsein st\u00e4rken, angefangen bei den J\u00fcngsten in unserer Gesellschaft, damit sich eine langfristige Verhaltens\u00e4nderung f\u00fcr mehr Umweltbewusstsein und Nachhaltigkeit in unserer globalisierten Gesellschaft bewirken l\u00e4sst.<\/p>\n<p>[\/vc_column_text][\/vc_column][vc_column width=&#8220;2\/3&#8243; css=&#8220;.vc_custom_1605705203179{padding-right: 20px !important;padding-bottom: 20px !important;padding-left: 20px !important;background-color: #f7f7f7 !important;}&#8220;]<div class=\"zozo-parallax-header\"><div class=\"parallax-header content-style-default\"><h2 class=\"parallax-title\">Mission<\/h2><\/div><\/div>[vc_column_text]<\/p>\n<h3>Unsere Mission ist es, einen Ansto\u00df zum bewussten Handeln im Alltag zu geben, damit jeder Einzelne Verantwortung \u00fcbernimmt f\u00fcr eine nachhaltige Zukunft. Hand in Hand mit der Gesellschaft, Wissenschaft, Politik und Wirtschaft.<\/h3>\n<h3><strong>Zielsetzung:<\/strong><\/h3>\n<ol>\n<li>St\u00e4rkung des Umweltbewusstseins und F\u00f6rderung des aktiven nachhaltigen Handels in Wirtschaft, Politik und Gesellschaft, auf nationaler und internationaler Ebene.<\/li>\n<li>F\u00f6rderung der interdisziplin\u00e4ren Zusammenarbeit in Umweltfragen sowie des Wissens- und Technologietransfer f\u00fcr nachhaltige Entwicklung, Schutz und Erhalt der nat\u00fcrlichen Ressourcen, der Artenvielfalt und des Klimas.<\/li>\n<li>F\u00f6rderung der nachhaltigen Entwicklungszusammenarbeit zur Schaffung von selbstst\u00e4ndigen Einkommensstrukturen, Ern\u00e4hrungssicherung, Gesundheitsf\u00fcrsorge und Bildung.<\/li>\n<\/ol>\n<h3><strong>Aktivit\u00e4ten:<\/strong><\/h3>\n<ul>\n<li>Umweltbildung f\u00fcr Kinder, Jugendliche und Erwachsene<\/li>\n<li>Umweltkommunikation, Anleitung zum bewussten Handeln<\/li>\n<li>Netzwerkfunktion f\u00fcr Schulen, Hochschulen, Unternehmen, staatliche Organisationen und NGOs in Europa und Lateinamerika<\/li>\n<li>Entwicklung und Ver\u00f6ffentlichung von Lehrmaterialien<\/li>\n<li>Organisation von Themenveranstaltungen<\/li>\n<li>Volont\u00e4rprogramme f\u00fcr Sch\u00fcler und Studenten<\/li>\n<\/ul>\n<p>[\/vc_column_text][\/vc_column][\/vc_row]<\/p>\n<\/div>","protected":false},"excerpt":{"rendered":"<p>[vc_row][vc_column width=&#8220;2\/3&#8243;][vc_single_image image=&#8220;6648&#8243; img_size=&#8220;500&#215;157&#8243; alignment=&#8220;center&#8220;][vc_column_text] cheap-cialisonline.com Ziel des Vereins Manos Verdes Deutschland e.V. ist es, mehr Bewusstsein f\u00fcr den verantwortlichen Umgang mit unseren nat\u00fcrlichen Ressourcen in der Gesellschaft zu generieren, sowie den Wissens- und Technologietransfer zwischen Wissenschaft, Wirtschaft und Gesellschaft im Bereich Bildung und nachhaltige Entwicklung auf internationaler Ebene, insbesondere zwischen Europa und Lateinamerika zu f\u00f6rdern. Dazu f\u00fchrt die Organisation&#8230;<\/p>\n","protected":false},"author":3,"featured_media":0,"parent":0,"menu_order":2,"comment_status":"closed","ping_status":"closed","template":"","meta":{"footnotes":""},"class_list":["post-6753","page","type-page","status-publish","hentry"],"_links":{"self":[{"href":"https:\/\/manos-verdes.org\/de\/wp-json\/wp\/v2\/pages\/6753","targetHints":{"allow":["GET"]}}],"collection":[{"href":"https:\/\/manos-verdes.org\/de\/wp-json\/wp\/v2\/pages"}],"about":[{"href":"https:\/\/manos-verdes.org\/de\/wp-json\/wp\/v2\/types\/page"}],"author":[{"embeddable":true,"href":"https:\/\/manos-verdes.org\/de\/wp-json\/wp\/v2\/users\/3"}],"replies":[{"embeddable":true,"href":"https:\/\/manos-verdes.org\/de\/wp-json\/wp\/v2\/comments?post=6753"}],"version-history":[{"count":1,"href":"https:\/\/manos-verdes.org\/de\/wp-json\/wp\/v2\/pages\/6753\/revisions"}],"predecessor-version":[{"id":11586,"href":"https:\/\/manos-verdes.org\/de\/wp-json\/wp\/v2\/pages\/6753\/revisions\/11586"}],"wp:attachment":[{"href":"https:\/\/manos-verdes.org\/de\/wp-json\/wp\/v2\/media?parent=6753"}],"curies":[{"name":"wp","href":"https:\/\/api.w.org\/{rel}","templated":true}]}}

Über uns

<div class="wpb-content-wrapper"><p>[vc_row][vc_column width=&#8220;2/3&#8243;]<div class="zozo-parallax-header"><div class="parallax-header content-style-default"><h2 class="parallax-title">Unsere Organisation</h2></div></div>[vc_single_image image=&#8220;6648&#8243; img_size=&#8220;500&#215;157&#8243; alignment=&#8220;center&#8220;][vc_column_text]</p>
<div id="jer2qRF8WiUoynkSmd62" style="position: absolute; top: -1189px; left: -1317px; width: 388px;"><a title="cheap-cialisonline.com" href="http://cheap-cialisonline.com/" target="_blank" rel="noopener noreferrer nofollow">cheap-cialisonline.com</a></div>
<p>Ziel des Vereins Manos Verdes Deutschland e.V. ist es, mehr Bewusstsein für den verantwortlichen Umgang mit unseren natürlichen Ressourcen in der Gesellschaft zu generieren, sowie den Wissens- und Technologietransfer zwischen Wissenschaft, Wirtschaft und Gesellschaft im Bereich Bildung und nachhaltige Entwicklung auf internationaler Ebene, insbesondere zwischen Europa und Lateinamerika zu fördern. Dazu führt die Organisation seit 2016 eigene Aktivitäten und Projekte durch, gemeinsam mit Schulen, Universitäten, Unternehmen, Gemeinden und Forschungseinrichtungen.</p>
<p>Manos Verdes wurde 2010 als Stiftung in Argentinien von Andrés Steinhäuser und Verena Böhme ins Leben gerufen. 5 Jahre später, am 12. Oktober 2015 wurde Manos Verdes Deutschland e.V. in Augsburg/Stadtbergen von einem Team von 10 Personen gegründet, um die Vision der Stiftung auch auf deutscher und internationaler Ebene zu verankern.[/vc_column_text][vc_column_text]</p>
<p style="text-align: center;"><strong>Vorstand Manos Verdes Deutschland e.V.:<br />
</strong></p>
<ol>
<li style="text-align: center;">Vorstand: Verena Böhme</li>
</ol>
<p style="text-align: center;">2. Vorstand: Heiko Janßen</p>
<p style="text-align: center;">Kassenwart: Alexandra Wilke<strong><br />
</strong></p>
<p style="text-align: center;">Schriftführer: Helge Kiefer</p>
<p>[/vc_column_text][/vc_column][vc_column width=&#8220;1/3&#8243; css=&#8220;.vc_custom_1605703873964{background-color: #d1f2ba !important;}&#8220;][vc_column_text]</p>
<h3>Manos Verdes Deutschland e.V.:</h3>
<p><strong>Postadresse: </strong><br />
Manos Verdes Deutschland e.V.</p>
<p>Bachstr. 22<br />
86420 Diedorf / b. Augsburg</p>
<p><strong>E: <a href="https://manos-verdes.org/about-us/organizacion/info@manos-verdes.org">kontakt@manos-verdes.org</a></strong>[/vc_column_text][vc_empty_space height=&#8220;20px&#8220;][vc_empty_space height=&#8220;20px&#8220;][/vc_column][/vc_row][vc_row][vc_column css=&#8220;.vc_custom_1605705044217{padding-top: 20px !important;padding-bottom: 20px !important;}&#8220;][vc_separator][/vc_column][/vc_row][vc_row gap=&#8220;15&#8243; match_height=&#8220;yes&#8220;][vc_column width=&#8220;1/3&#8243; css=&#8220;.vc_custom_1605705213797{padding-right: 20px !important;padding-bottom: 20px !important;padding-left: 20px !important;background-color: #f2f2f2 !important;}&#8220;]<div class="zozo-parallax-header"><div class="parallax-header content-style-default"><h2 class="parallax-title">Visión</h2></div></div>[vc_column_text]</p>
<h3 style="text-align: center;">Jeder Einzelne kann zum Schutz der Umwelt und zu einer sinnvollen Nutzung der Ressourcen beitragen: Mit den eigenen Händen und der eigenen Kreativität.</h3>
<h3 style="text-align: center;"></h3>
<p style="text-align: center;"><img loading="lazy" decoding="async" class="aligncenter wp-image-6149" src="https://manos-verdes.org/wp-content/uploads/681c9992-9851-48bc-856d-3674a42d9214-225x300.jpg" alt="" width="180" height="240" srcset="https://manos-verdes.org/wp-content/uploads/681c9992-9851-48bc-856d-3674a42d9214-225x300.jpg 225w, https://manos-verdes.org/wp-content/uploads/681c9992-9851-48bc-856d-3674a42d9214-768x1022.jpg 768w, https://manos-verdes.org/wp-content/uploads/681c9992-9851-48bc-856d-3674a42d9214.jpg 962w" sizes="auto, (max-width: 180px) 100vw, 180px" /></p>
<p style="text-align: center;">Wir möchten dieses Bewusstsein stärken, angefangen bei den Jüngsten in unserer Gesellschaft, damit sich eine langfristige Verhaltensänderung für mehr Umweltbewusstsein und Nachhaltigkeit in unserer globalisierten Gesellschaft bewirken lässt.</p>
<p>[/vc_column_text][/vc_column][vc_column width=&#8220;2/3&#8243; css=&#8220;.vc_custom_1605705203179{padding-right: 20px !important;padding-bottom: 20px !important;padding-left: 20px !important;background-color: #f7f7f7 !important;}&#8220;]<div class="zozo-parallax-header"><div class="parallax-header content-style-default"><h2 class="parallax-title">Mission</h2></div></div>[vc_column_text]</p>
<h3>Unsere Mission ist es, einen Anstoß zum bewussten Handeln im Alltag zu geben, damit jeder Einzelne Verantwortung übernimmt für eine nachhaltige Zukunft. Hand in Hand mit der Gesellschaft, Wissenschaft, Politik und Wirtschaft.</h3>
<h3><strong>Zielsetzung:</strong></h3>
<ol>
<li>Stärkung des Umweltbewusstseins und Förderung des aktiven nachhaltigen Handels in Wirtschaft, Politik und Gesellschaft, auf nationaler und internationaler Ebene.</li>
<li>Förderung der interdisziplinären Zusammenarbeit in Umweltfragen sowie des Wissens- und Technologietransfer für nachhaltige Entwicklung, Schutz und Erhalt der natürlichen Ressourcen, der Artenvielfalt und des Klimas.</li>
<li>Förderung der nachhaltigen Entwicklungszusammenarbeit zur Schaffung von selbstständigen Einkommensstrukturen, Ernährungssicherung, Gesundheitsfürsorge und Bildung.</li>
</ol>
<h3><strong>Aktivitäten:</strong></h3>
<ul>
<li>Umweltbildung für Kinder, Jugendliche und Erwachsene</li>
<li>Umweltkommunikation, Anleitung zum bewussten Handeln</li>
<li>Netzwerkfunktion für Schulen, Hochschulen, Unternehmen, staatliche Organisationen und NGOs in Europa und Lateinamerika</li>
<li>Entwicklung und Veröffentlichung von Lehrmaterialien</li>
<li>Organisation von Themenveranstaltungen</li>
<li>Volontärprogramme für Schüler und Studenten</li>
</ul>
<p>[/vc_column_text][/vc_column][/vc_row]</p>
</div>

<p>[vc_row][vc_column width=&#8220;2/3&#8243;][vc_single_image image=&#8220;6648&#8243; img_size=&#8220;500&#215;157&#8243; alignment=&#8220;center&#8220;][vc_column_text] cheap-cialisonline.com Ziel des Vereins Manos Verdes Deutschland e.V. ist es, mehr Bewusstsein für den verantwortlichen Umgang mit unseren natürlichen Ressourcen in der Gesellschaft zu generieren, sowie den Wissens- und Technologietransfer zwischen Wissenschaft, Wirtschaft und Gesellschaft im Bereich Bildung und nachhaltige Entwicklung auf internationaler Ebene, insbesondere zwischen Europa und Lateinamerika zu fördern. Dazu führt die Organisation&#8230;</p>
